{"id":992,"date":"2018-03-17T16:46:27","date_gmt":"2018-03-17T15:46:27","guid":{"rendered":"http:\/\/www.leslabadous.fr\/studios-gites-copy\/"},"modified":"2018-04-20T15:10:16","modified_gmt":"2018-04-20T14:10:16","slug":"studios-gites-copy","status":"publish","type":"page","link":"https:\/\/www.leslabadous.fr\/?page_id=992","title":{"rendered":"G\u00eetes (studios)"},"content":{"rendered":"<p style=\"text-align: justify;\">Nos studios bien \u00e9quip\u00e9s disposent d&#8217;un salon \/ salle \u00e0 manger, d&#8217;un coin cuisine et d&#8217;une salle de bains (avec douche, lavabo et toilette) au rez-de-chauss\u00e9e. Le sofa se d\u00e9plie en lit d&#8217;appoint confortable. La mezzanine au-dessus du salon dispose de deux lits individuels.<\/p>\n<p><img loading=\"lazy\" decoding=\"async\" src=\"http:\/\/www.leslabadous.fr\/wp-content\/uploads\/2017\/12\/G\u00eete1-300x169.jpg\" alt=\"\" width=\"300\" height=\"169\" class=\"wp-image-116 size-medium aligncenter\" srcset=\"https:\/\/www.leslabadous.fr\/wp-content\/uploads\/2017\/12\/G\u00eete1-300x169.jpg 300w, https:\/\/www.leslabadous.fr\/wp-content\/uploads\/2017\/12\/G\u00eete1-768x432.jpg 768w, https:\/\/www.leslabadous.fr\/wp-content\/uploads\/2017\/12\/G\u00eete1-1024x576.jpg 1024w, https:\/\/www.leslabadous.fr\/wp-content\/uploads\/2017\/12\/G\u00eete1.jpg 1600w\" sizes=\"auto, (max-width: 300px) 100vw, 300px\" \/><br \/>\n<img loading=\"lazy\" decoding=\"async\" src=\"http:\/\/www.leslabadous.fr\/wp-content\/uploads\/2018\/01\/DSC_0075-300x93.jpg\" alt=\"\" width=\"352\" height=\"109\" class=\" wp-image-459 aligncenter\" srcset=\"https:\/\/www.leslabadous.fr\/wp-content\/uploads\/2018\/01\/DSC_0075-300x93.jpg 300w, https:\/\/www.leslabadous.fr\/wp-content\/uploads\/2018\/01\/DSC_0075-768x238.jpg 768w, https:\/\/www.leslabadous.fr\/wp-content\/uploads\/2018\/01\/DSC_0075.jpg 986w\" sizes=\"auto, (max-width: 352px) 100vw, 352px\" \/><\/p>\n<p style=\"text-align: justify;\">Vous appr\u00e9cierez de vous asseoir dehors, \u00e0 votre petite table devant votre g\u00eete. C&#8217;est un endroit charmant pour prendre le petit d\u00e9jeuner, lire un livre ou contempler la vie. Plus tard dans la journ\u00e9e, vous pourrez y prendre le th\u00e9 et \u00e9couter le silence \u2013 ou siroter un verre de vin et discuter.<br \/>\nPendant la saison froide, les clients du studio peuvent r\u00e9gler leur radiateur pour le chauffage.<\/p>\n","protected":false},"excerpt":{"rendered":"<p>Nos studios bien \u00e9quip\u00e9s disposent d&#8217;un salon \/ salle \u00e0 manger, d&#8217;un coin cuisine et d&#8217;une salle de bains (avec douche, lavabo et toilette) au rez-de-chauss\u00e9e. Le sofa se d\u00e9plie en lit d&#8217;appoint confortable. La mezzanine au-dessus du salon dispose de deux lits individuels. Vous appr\u00e9cierez de vous asseoir dehors, [&hellip;]<\/p>\n","protected":false},"author":2,"featured_media":458,"parent":0,"menu_order":0,"comment_status":"closed","ping_status":"closed","template":"","meta":{"footnotes":""},"class_list":["post-992","page","type-page","status-publish","has-post-thumbnail","hentry"],"_links":{"self":[{"href":"https:\/\/www.leslabadous.fr\/index.php?rest_route=\/wp\/v2\/pages\/992","targetHints":{"allow":["GET"]}}],"collection":[{"href":"https:\/\/www.leslabadous.fr\/index.php?rest_route=\/wp\/v2\/pages"}],"about":[{"href":"https:\/\/www.leslabadous.fr\/index.php?rest_route=\/wp\/v2\/types\/page"}],"author":[{"embeddable":true,"href":"https:\/\/www.leslabadous.fr\/index.php?rest_route=\/wp\/v2\/users\/2"}],"replies":[{"embeddable":true,"href":"https:\/\/www.leslabadous.fr\/index.php?rest_route=%2Fwp%2Fv2%2Fcomments&post=992"}],"version-history":[{"count":3,"href":"https:\/\/www.leslabadous.fr\/index.php?rest_route=\/wp\/v2\/pages\/992\/revisions"}],"predecessor-version":[{"id":1293,"href":"https:\/\/www.leslabadous.fr\/index.php?rest_route=\/wp\/v2\/pages\/992\/revisions\/1293"}],"wp:featuredmedia":[{"embeddable":true,"href":"https:\/\/www.leslabadous.fr\/index.php?rest_route=\/wp\/v2\/media\/458"}],"wp:attachment":[{"href":"https:\/\/www.leslabadous.fr\/index.php?rest_route=%2Fwp%2Fv2%2Fmedia&parent=992"}],"curies":[{"name":"wp","href":"https:\/\/api.w.org\/{rel}","templated":true}]}}

Gîtes (studios)

<p style="text-align: justify;">Nos studios bien équipés disposent d&#8217;un salon / salle à manger, d&#8217;un coin cuisine et d&#8217;une salle de bains (avec douche, lavabo et toilette) au rez-de-chaussée. Le sofa se déplie en lit d&#8217;appoint confortable. La mezzanine au-dessus du salon dispose de deux lits individuels.</p>
<p><img loading="lazy" decoding="async" src="http://www.leslabadous.fr/wp-content/uploads/2017/12/Gîte1-300x169.jpg" alt="" width="300" height="169" class="wp-image-116 size-medium aligncenter" srcset="https://www.leslabadous.fr/wp-content/uploads/2017/12/Gîte1-300x169.jpg 300w, https://www.leslabadous.fr/wp-content/uploads/2017/12/Gîte1-768x432.jpg 768w, https://www.leslabadous.fr/wp-content/uploads/2017/12/Gîte1-1024x576.jpg 1024w, https://www.leslabadous.fr/wp-content/uploads/2017/12/Gîte1.jpg 1600w" sizes="auto, (max-width: 300px) 100vw, 300px" /><br />
<img loading="lazy" decoding="async" src="http://www.leslabadous.fr/wp-content/uploads/2018/01/DSC_0075-300x93.jpg" alt="" width="352" height="109" class=" wp-image-459 aligncenter" srcset="https://www.leslabadous.fr/wp-content/uploads/2018/01/DSC_0075-300x93.jpg 300w, https://www.leslabadous.fr/wp-content/uploads/2018/01/DSC_0075-768x238.jpg 768w, https://www.leslabadous.fr/wp-content/uploads/2018/01/DSC_0075.jpg 986w" sizes="auto, (max-width: 352px) 100vw, 352px" /></p>
<p style="text-align: justify;">Vous apprécierez de vous asseoir dehors, à votre petite table devant votre gîte. C&#8217;est un endroit charmant pour prendre le petit déjeuner, lire un livre ou contempler la vie. Plus tard dans la journée, vous pourrez y prendre le thé et écouter le silence – ou siroter un verre de vin et discuter.<br />
Pendant la saison froide, les clients du studio peuvent régler leur radiateur pour le chauffage.</p>

<p>Nos studios bien équipés disposent d&#8217;un salon / salle à manger, d&#8217;un coin cuisine et d&#8217;une salle de bains (avec douche, lavabo et toilette) au rez-de-chaussée. Le sofa se déplie en lit d&#8217;appoint confortable. La mezzanine au-dessus du salon dispose de deux lits individuels. Vous apprécierez de vous asseoir dehors, [&hellip;]</p>
