{"id":989,"date":"2018-03-17T16:44:32","date_gmt":"2018-03-17T15:44:32","guid":{"rendered":"http:\/\/www.leslabadous.fr\/rooms-copy\/"},"modified":"2018-04-23T15:45:00","modified_gmt":"2018-04-23T14:45:00","slug":"rooms-copy","status":"publish","type":"page","link":"https:\/\/www.leslabadous.fr\/?page_id=989","title":{"rendered":"Chambres"},"content":{"rendered":"<p class=\"tw-data-text tw-ta tw-text-small\" data-placeholder=\"Translation\" id=\"tw-target-text\" dir=\"ltr\"><span lang=\"fr\">Chaque chambre, double ou simple, dispose d&#8217;une salle de bain privative (douche, lavabo, WC). Toutes sont lumineuses et confortables, offrant de belles vues sur les environs. Vous pouvez faire votre propre tasse de th\u00e9 ou de caf\u00e9 et r\u00e9gler votre radiateur pendant la saison fra\u00eeche.<\/span><\/p>\n<p><img loading=\"lazy\" decoding=\"async\" src=\"http:\/\/www.leslabadous.fr\/wp-content\/uploads\/2017\/12\/Lav-P1040302-300x225.jpg\" alt=\"\" width=\"300\" height=\"225\" class=\"alignnone size-medium wp-image-162\" srcset=\"https:\/\/www.leslabadous.fr\/wp-content\/uploads\/2017\/12\/Lav-P1040302-300x225.jpg 300w, https:\/\/www.leslabadous.fr\/wp-content\/uploads\/2017\/12\/Lav-P1040302-768x576.jpg 768w, https:\/\/www.leslabadous.fr\/wp-content\/uploads\/2017\/12\/Lav-P1040302-1024x768.jpg 1024w, https:\/\/www.leslabadous.fr\/wp-content\/uploads\/2017\/12\/Lav-P1040302.jpg 1280w\" sizes=\"auto, (max-width: 300px) 100vw, 300px\" \/>\u00a0<img loading=\"lazy\" decoding=\"async\" src=\"http:\/\/www.leslabadous.fr\/wp-content\/uploads\/2017\/12\/Citr-P1040306-300x225.jpg\" alt=\"\" width=\"300\" height=\"225\" class=\"alignnone size-medium wp-image-159\" srcset=\"https:\/\/www.leslabadous.fr\/wp-content\/uploads\/2017\/12\/Citr-P1040306-300x225.jpg 300w, https:\/\/www.leslabadous.fr\/wp-content\/uploads\/2017\/12\/Citr-P1040306-768x576.jpg 768w, https:\/\/www.leslabadous.fr\/wp-content\/uploads\/2017\/12\/Citr-P1040306-1024x768.jpg 1024w, https:\/\/www.leslabadous.fr\/wp-content\/uploads\/2017\/12\/Citr-P1040306.jpg 1280w\" sizes=\"auto, (max-width: 300px) 100vw, 300px\" \/>\u00a0<img loading=\"lazy\" decoding=\"async\" src=\"http:\/\/www.leslabadous.fr\/wp-content\/uploads\/2017\/12\/Oli-P1040324-300x225.jpg\" alt=\"\" width=\"300\" height=\"225\" class=\"alignnone size-medium wp-image-166\" srcset=\"https:\/\/www.leslabadous.fr\/wp-content\/uploads\/2017\/12\/Oli-P1040324-300x225.jpg 300w, https:\/\/www.leslabadous.fr\/wp-content\/uploads\/2017\/12\/Oli-P1040324-768x576.jpg 768w, https:\/\/www.leslabadous.fr\/wp-content\/uploads\/2017\/12\/Oli-P1040324-1024x768.jpg 1024w, https:\/\/www.leslabadous.fr\/wp-content\/uploads\/2017\/12\/Oli-P1040324.jpg 1280w\" sizes=\"auto, (max-width: 300px) 100vw, 300px\" \/>\u00a0\u00a0\u00a0<img loading=\"lazy\" decoding=\"async\" src=\"http:\/\/www.leslabadous.fr\/wp-content\/uploads\/2017\/12\/Ora-P1040298-300x225.jpg\" alt=\"\" width=\"300\" height=\"225\" class=\"alignnone size-medium wp-image-167\" srcset=\"https:\/\/www.leslabadous.fr\/wp-content\/uploads\/2017\/12\/Ora-P1040298-300x225.jpg 300w, https:\/\/www.leslabadous.fr\/wp-content\/uploads\/2017\/12\/Ora-P1040298-768x576.jpg 768w, https:\/\/www.leslabadous.fr\/wp-content\/uploads\/2017\/12\/Ora-P1040298-1024x768.jpg 1024w, https:\/\/www.leslabadous.fr\/wp-content\/uploads\/2017\/12\/Ora-P1040298.jpg 1280w\" sizes=\"auto, (max-width: 300px) 100vw, 300px\" \/><img loading=\"lazy\" decoding=\"async\" src=\"http:\/\/www.leslabadous.fr\/wp-content\/uploads\/2017\/12\/Tournes-P1040323-300x225.jpg\" alt=\"\" width=\"300\" height=\"225\" class=\"alignnone size-medium wp-image-172\" srcset=\"https:\/\/www.leslabadous.fr\/wp-content\/uploads\/2017\/12\/Tournes-P1040323-300x225.jpg 300w, https:\/\/www.leslabadous.fr\/wp-content\/uploads\/2017\/12\/Tournes-P1040323-768x576.jpg 768w, https:\/\/www.leslabadous.fr\/wp-content\/uploads\/2017\/12\/Tournes-P1040323-1024x768.jpg 1024w, https:\/\/www.leslabadous.fr\/wp-content\/uploads\/2017\/12\/Tournes-P1040323.jpg 1280w\" sizes=\"auto, (max-width: 300px) 100vw, 300px\" \/>\u00a0\u00a0<img loading=\"lazy\" decoding=\"async\" src=\"http:\/\/www.leslabadous.fr\/wp-content\/uploads\/2017\/12\/OraBath-P1040297-225x300.jpg\" alt=\"\" width=\"225\" height=\"300\" class=\"alignnone size-medium wp-image-169\" srcset=\"https:\/\/www.leslabadous.fr\/wp-content\/uploads\/2017\/12\/OraBath-P1040297-225x300.jpg 225w, https:\/\/www.leslabadous.fr\/wp-content\/uploads\/2017\/12\/OraBath-P1040297-768x1024.jpg 768w, https:\/\/www.leslabadous.fr\/wp-content\/uploads\/2017\/12\/OraBath-P1040297.jpg 960w\" sizes=\"auto, (max-width: 225px) 100vw, 225px\" \/><\/p>\n<p class=\"tw-data-text tw-ta tw-text-small\" data-placeholder=\"Translation\" id=\"tw-target-text\" dir=\"ltr\"><span lang=\"fr\">Meubl\u00e9 individuellement et d\u00e9cor\u00e9 dans un style charmant, chaque chambre honore la plante dont elle porte le nom :\u00a0<\/span><span style=\"color: #ff0000;\"><a href=\"http:\/\/www.leslabadous.fr\/lavande\/\">Lavande<\/a>, <a href=\"http:\/\/www.leslabadous.fr\/citron\/\">Citron<\/a>, <a href=\"http:\/\/www.leslabadous.fr\/orange\/\">Orange<\/a>, <a href=\"http:\/\/www.leslabadous.fr\/olive\/\">Olive<\/a>, <a href=\"http:\/\/www.leslabadous.fr\/tournesol\/\">Tournesol<\/a><\/span><!--more--><\/p>\n","protected":false},"excerpt":{"rendered":"<p>Chaque chambre, double ou simple, dispose d&#8217;une salle de bain privative (douche, lavabo, WC). Toutes sont lumineuses et confortables, offrant de belles vues sur les environs. Vous pouvez faire votre propre tasse de th\u00e9 ou de caf\u00e9 et r\u00e9gler votre radiateur pendant la saison fra\u00eeche. \u00a0\u00a0\u00a0\u00a0\u00a0\u00a0\u00a0 Meubl\u00e9 individuellement et d\u00e9cor\u00e9 [&hellip;]<\/p>\n","protected":false},"author":2,"featured_media":220,"parent":0,"menu_order":0,"comment_status":"closed","ping_status":"closed","template":"","meta":{"footnotes":""},"class_list":["post-989","page","type-page","status-publish","has-post-thumbnail","hentry"],"_links":{"self":[{"href":"https:\/\/www.leslabadous.fr\/index.php?rest_route=\/wp\/v2\/pages\/989","targetHints":{"allow":["GET"]}}],"collection":[{"href":"https:\/\/www.leslabadous.fr\/index.php?rest_route=\/wp\/v2\/pages"}],"about":[{"href":"https:\/\/www.leslabadous.fr\/index.php?rest_route=\/wp\/v2\/types\/page"}],"author":[{"embeddable":true,"href":"https:\/\/www.leslabadous.fr\/index.php?rest_route=\/wp\/v2\/users\/2"}],"replies":[{"embeddable":true,"href":"https:\/\/www.leslabadous.fr\/index.php?rest_route=%2Fwp%2Fv2%2Fcomments&post=989"}],"version-history":[{"count":8,"href":"https:\/\/www.leslabadous.fr\/index.php?rest_route=\/wp\/v2\/pages\/989\/revisions"}],"predecessor-version":[{"id":1258,"href":"https:\/\/www.leslabadous.fr\/index.php?rest_route=\/wp\/v2\/pages\/989\/revisions\/1258"}],"wp:featuredmedia":[{"embeddable":true,"href":"https:\/\/www.leslabadous.fr\/index.php?rest_route=\/wp\/v2\/media\/220"}],"wp:attachment":[{"href":"https:\/\/www.leslabadous.fr\/index.php?rest_route=%2Fwp%2Fv2%2Fmedia&parent=989"}],"curies":[{"name":"wp","href":"https:\/\/api.w.org\/{rel}","templated":true}]}}