{"id":955,"date":"2018-03-17T15:47:02","date_gmt":"2018-03-17T14:47:02","guid":{"rendered":"http:\/\/www.leslabadous.fr\/beaches-seaside-villages-copy\/"},"modified":"2018-03-28T16:49:12","modified_gmt":"2018-03-28T15:49:12","slug":"beaches-seaside-villages-copy","status":"publish","type":"page","link":"https:\/\/www.leslabadous.fr\/?page_id=955","title":{"rendered":"Plages et stations baln\u00e9aires"},"content":{"rendered":"<p>De belles plages et des villes c\u00f4ti\u00e8res le long de la M\u00e9diterran\u00e9e sont facilement accessibles depuis Les Labadous. Nous vous indiquons quelques favoris au nord-est de la fronti\u00e8re espagnole:<\/p>\n<p><img loading=\"lazy\" decoding=\"async\" src=\"http:\/\/www.leslabadous.fr\/wp-content\/uploads\/2018\/02\/Banyuls-wide-300x134.jpg\" alt=\"\" width=\"300\" height=\"134\" class=\"size-medium wp-image-707 aligncenter\" srcset=\"https:\/\/www.leslabadous.fr\/wp-content\/uploads\/2018\/02\/Banyuls-wide-300x134.jpg 300w, https:\/\/www.leslabadous.fr\/wp-content\/uploads\/2018\/02\/Banyuls-wide.jpg 597w\" sizes=\"auto, (max-width: 300px) 100vw, 300px\" \/><\/p>\n<ul>\n<li><a href=\"http:\/\/www.francethisway.com\/places\/banyuls-sur-mer.php\" target=\"_blank\" rel=\"noopener\">Banyuls-sur-Mer<\/a>: Une station baln\u00e9aire avec une plage propre dans la baie. Suivez les sentiers le long de la c\u00f4te vers les criques tranquilles et les plages \u00e0 proximit\u00e9. Pour une vue splendide, prenez la route vers la Tour Madeloc (13\u00e8me si\u00e8cle).<\/li>\n<li><img loading=\"lazy\" decoding=\"async\" src=\"http:\/\/www.leslabadous.fr\/wp-content\/uploads\/2018\/02\/collioure-2907413_640-199x300.jpg\" alt=\"\" width=\"199\" height=\"300\" class=\"size-medium wp-image-710 alignright\" srcset=\"https:\/\/www.leslabadous.fr\/wp-content\/uploads\/2018\/02\/collioure-2907413_640-199x300.jpg 199w, https:\/\/www.leslabadous.fr\/wp-content\/uploads\/2018\/02\/collioure-2907413_640.jpg 425w\" sizes=\"auto, (max-width: 199px) 100vw, 199px\" \/><a href=\"http:\/\/www.francethisway.com\/places\/collioure.php\" target=\"_blank\" rel=\"noopener\">Collioure<\/a>: Ancien port de p\u00eache pittoresque avec une plage en plein centre.<\/li>\n<li><span><a href=\"http:\/\/www.francethisway.com\/places\/port-la-nouvelle.php\" target=\"_blank\" rel=\"noopener\">Port-la-Nouvelle<\/a>: Les attractions comprennent 10 km de plage de sable, un squelette de baleine et un port de p\u00eache tr\u00e8s fr\u00e9quent\u00e9 (arriv\u00e9e vers 9h pour le march\u00e9 aux poissons en bord de mer).<\/span><\/li>\n<\/ul>\n<p>Il y en a beaucoup d&#8217;autres, et certains sont tr\u00e8s populaires &#8230; ils tendent donc\u00a0\u00e0 \u00eatre fort occup\u00e9s pendant la haute saison.<\/p>\n","protected":false},"excerpt":{"rendered":"<p>De belles plages et des villes c\u00f4ti\u00e8res le long de la M\u00e9diterran\u00e9e sont facilement accessibles depuis Les Labadous. Nous vous indiquons quelques favoris au nord-est de la fronti\u00e8re espagnole: Banyuls-sur-Mer: Une station baln\u00e9aire avec une plage propre dans la baie. Suivez les sentiers le long de la c\u00f4te vers les [&hellip;]<\/p>\n","protected":false},"author":2,"featured_media":719,"parent":0,"menu_order":0,"comment_status":"closed","ping_status":"closed","template":"","meta":{"footnotes":""},"class_list":["post-955","page","type-page","status-publish","has-post-thumbnail","hentry"],"_links":{"self":[{"href":"https:\/\/www.leslabadous.fr\/index.php?rest_route=\/wp\/v2\/pages\/955","targetHints":{"allow":["GET"]}}],"collection":[{"href":"https:\/\/www.leslabadous.fr\/index.php?rest_route=\/wp\/v2\/pages"}],"about":[{"href":"https:\/\/www.leslabadous.fr\/index.php?rest_route=\/wp\/v2\/types\/page"}],"author":[{"embeddable":true,"href":"https:\/\/www.leslabadous.fr\/index.php?rest_route=\/wp\/v2\/users\/2"}],"replies":[{"embeddable":true,"href":"https:\/\/www.leslabadous.fr\/index.php?rest_route=%2Fwp%2Fv2%2Fcomments&post=955"}],"version-history":[{"count":5,"href":"https:\/\/www.leslabadous.fr\/index.php?rest_route=\/wp\/v2\/pages\/955\/revisions"}],"predecessor-version":[{"id":1173,"href":"https:\/\/www.leslabadous.fr\/index.php?rest_route=\/wp\/v2\/pages\/955\/revisions\/1173"}],"wp:featuredmedia":[{"embeddable":true,"href":"https:\/\/www.leslabadous.fr\/index.php?rest_route=\/wp\/v2\/media\/719"}],"wp:attachment":[{"href":"https:\/\/www.leslabadous.fr\/index.php?rest_route=%2Fwp%2Fv2%2Fmedia&parent=955"}],"curies":[{"name":"wp","href":"https:\/\/api.w.org\/{rel}","templated":true}]}}

Plages et stations balnéaires

<p>De belles plages et des villes côtières le long de la Méditerranée sont facilement accessibles depuis Les Labadous. Nous vous indiquons quelques favoris au nord-est de la frontière espagnole:</p>
<p><img loading="lazy" decoding="async" src="http://www.leslabadous.fr/wp-content/uploads/2018/02/Banyuls-wide-300x134.jpg" alt="" width="300" height="134" class="size-medium wp-image-707 aligncenter" srcset="https://www.leslabadous.fr/wp-content/uploads/2018/02/Banyuls-wide-300x134.jpg 300w, https://www.leslabadous.fr/wp-content/uploads/2018/02/Banyuls-wide.jpg 597w" sizes="auto, (max-width: 300px) 100vw, 300px" /></p>
<ul>
<li><a href="http://www.francethisway.com/places/banyuls-sur-mer.php" target="_blank" rel="noopener">Banyuls-sur-Mer</a>: Une station balnéaire avec une plage propre dans la baie. Suivez les sentiers le long de la côte vers les criques tranquilles et les plages à proximité. Pour une vue splendide, prenez la route vers la Tour Madeloc (13ème siècle).</li>
<li><img loading="lazy" decoding="async" src="http://www.leslabadous.fr/wp-content/uploads/2018/02/collioure-2907413_640-199x300.jpg" alt="" width="199" height="300" class="size-medium wp-image-710 alignright" srcset="https://www.leslabadous.fr/wp-content/uploads/2018/02/collioure-2907413_640-199x300.jpg 199w, https://www.leslabadous.fr/wp-content/uploads/2018/02/collioure-2907413_640.jpg 425w" sizes="auto, (max-width: 199px) 100vw, 199px" /><a href="http://www.francethisway.com/places/collioure.php" target="_blank" rel="noopener">Collioure</a>: Ancien port de pêche pittoresque avec une plage en plein centre.</li>
<li><span><a href="http://www.francethisway.com/places/port-la-nouvelle.php" target="_blank" rel="noopener">Port-la-Nouvelle</a>: Les attractions comprennent 10 km de plage de sable, un squelette de baleine et un port de pêche très fréquenté (arrivée vers 9h pour le marché aux poissons en bord de mer).</span></li>
</ul>
<p>Il y en a beaucoup d&#8217;autres, et certains sont très populaires &#8230; ils tendent donc à être fort occupés pendant la haute saison.</p>

<p>De belles plages et des villes côtières le long de la Méditerranée sont facilement accessibles depuis Les Labadous. Nous vous indiquons quelques favoris au nord-est de la frontière espagnole: Banyuls-sur-Mer: Une station balnéaire avec une plage propre dans la baie. Suivez les sentiers le long de la côte vers les [&hellip;]</p>
