{"id":799,"date":"2018-02-05T08:01:31","date_gmt":"2018-02-05T07:01:31","guid":{"rendered":"http:\/\/www.leslabadous.fr\/?page_id=799"},"modified":"2022-04-19T08:50:53","modified_gmt":"2022-04-19T07:50:53","slug":"notre-equipe","status":"publish","type":"page","link":"https:\/\/www.leslabadous.fr\/?page_id=799","title":{"rendered":"Notre \u00e9quipe"},"content":{"rendered":"<p>Notre petite \u00e9quipe d\u00e9vou\u00e9e est l\u00e0 pour rendre votre s\u00e9jour au Centre Les Labadous agr\u00e9able et inoubliable. Voici qui vous souhaitera la bienvenue :<\/p>\n<ul>\n<li><strong><span style=\"color: #555555; font-size: 17px;\">Aafke<\/span><br \/>\n<\/strong><img loading=\"lazy\" decoding=\"async\" src=\"https:\/\/www.leslabadous.fr\/wp-content\/uploads\/2019\/03\/Aafke2-2018-235x300.jpeg\" alt=\"\" class=\"size-medium wp-image-1430 alignright\" width=\"235\" height=\"300\" srcset=\"https:\/\/www.leslabadous.fr\/wp-content\/uploads\/2019\/03\/Aafke2-2018-235x300.jpeg 235w, https:\/\/www.leslabadous.fr\/wp-content\/uploads\/2019\/03\/Aafke2-2018.jpeg 480w\" sizes=\"auto, (max-width: 235px) 100vw, 235px\" \/><br \/>\n<span style=\"color: #555555; font-size: 17px;\">Elle est la directrice du Centre Les Labadous.<br \/>\n<\/span><span style=\"color: #555555; font-size: 17px;\"><span style=\"color: #555555; font-size: 17px;\">Gr\u00e2ce \u00e0 son accueil chaleureux, nos clients se sentent tr\u00e8s vite &#8220;chez eux&#8221;. Aafke est cr\u00e9ative et cordiale, elle adore cr\u00e9er des liens entre les gens.<\/span><\/span><span style=\"color: #555555; font-size: 17px;\"><span style=\"color: #555555; font-size: 17px;\"><span style=\"color: #555555; font-size: 17px;\">Elle et son mari Johan ont explor\u00e9 la r\u00e9gion pendant des ann\u00e9es. Ce qui les a attir\u00e9s dans cette r\u00e9gion, c&#8217;est sa beaut\u00e9 naturelle et sa paix. Ils seront heureux de partager leur exp\u00e9rience avec vous.<\/span><\/span><\/span><\/li>\n<\/ul>\n<ul>\n<li><strong><span style=\"color: #555555; font-size: 17px;\">Marie-Laur<\/span><\/strong><strong><span style=\"color: #555555; font-size: 17px;\">e<\/span><br \/>\n<\/strong><img loading=\"lazy\" decoding=\"async\" src=\"http:\/\/www.leslabadous.fr\/wp-content\/uploads\/2018\/02\/MarieLaure-1-237x300.jpg\" alt=\"\" class=\"size-medium wp-image-833 alignright\" width=\"237\" height=\"300\" srcset=\"https:\/\/www.leslabadous.fr\/wp-content\/uploads\/2018\/02\/MarieLaure-1-237x300.jpg 237w, https:\/\/www.leslabadous.fr\/wp-content\/uploads\/2018\/02\/MarieLaure-1-768x972.jpg 768w, https:\/\/www.leslabadous.fr\/wp-content\/uploads\/2018\/02\/MarieLaure-1-809x1024.jpg 809w, https:\/\/www.leslabadous.fr\/wp-content\/uploads\/2018\/02\/MarieLaure-1.jpg 1152w\" sizes=\"auto, (max-width: 237px) 100vw, 237px\" \/><span style=\"color: #555555; font-size: 17px;\">Active et tr\u00e8s efficace dans les coulisses, elle est notre f\u00e9e souriante.\u00a0Elle pr\u00e9pare le petit-d\u00e9jeuner et le repas de midi, elle garde les chambres bien rang\u00e9es et propres.<br \/>\n<\/span><span style=\"color: #555555; font-size: 17px;\"><span style=\"color: #555555; font-size: 17px;\"><span style=\"color: #555555; font-size: 17px;\">Elle et son mari sont des randonneurs avides, bien exp\u00e9riment\u00e9s et comp\u00e9tents. Elle vous conseille volontiers.<\/span><\/span><\/span><\/li>\n<li><span style=\"color: #555555; font-size: 17px;\"><span style=\"color: #555555; font-size: 17px;\"><span style=\"color: #555555; font-size: 17px;\"><strong>Axel<br \/>\n<\/strong><\/span><\/span><\/span><span style=\"color: #555555; font-size: 17px;\"><span style=\"color: #555555; font-size: 17px;\"><span style=\"color: #555555; font-size: 17px;\"><strong><img loading=\"lazy\" decoding=\"async\" src=\"http:\/\/www.leslabadous.fr\/wp-content\/uploads\/2018\/02\/Axel-old1-204x300.jpg\" alt=\"\" class=\"size-medium wp-image-827 alignright\" width=\"204\" height=\"300\" srcset=\"https:\/\/www.leslabadous.fr\/wp-content\/uploads\/2018\/02\/Axel-old1-204x300.jpg 204w, https:\/\/www.leslabadous.fr\/wp-content\/uploads\/2018\/02\/Axel-old1-697x1024.jpg 697w, https:\/\/www.leslabadous.fr\/wp-content\/uploads\/2018\/02\/Axel-old1.jpg 758w\" sizes=\"auto, (max-width: 204px) 100vw, 204px\" \/><\/strong> <span>Notre (ange) gardien, il est attentif au bien-\u00eatre de tous.<br \/>\n<\/span><\/span><\/span><\/span><b><\/b><span style=\"color: #555555; font-size: 17px;\"><span style=\"color: #555555; font-size: 17px;\"><span style=\"color: #555555; font-size: 17px;\">Particuli\u00e8rement proches de son coeur sont nos animaux :<\/span><\/span><\/span>&nbsp;<\/p>\n<div id=\"attachment_828\" style=\"width: 359px\" class=\"wp-caption alignright\"><img loading=\"lazy\" decoding=\"async\" aria-describedby=\"caption-attachment-828\" src=\"http:\/\/www.leslabadous.fr\/wp-content\/uploads\/2018\/02\/Dicky-Dick3-300x159.jpg\" alt=\"\" class=\" wp-image-828\" width=\"349\" height=\"185\" srcset=\"https:\/\/www.leslabadous.fr\/wp-content\/uploads\/2018\/02\/Dicky-Dick3-300x159.jpg 300w, https:\/\/www.leslabadous.fr\/wp-content\/uploads\/2018\/02\/Dicky-Dick3-768x407.jpg 768w, https:\/\/www.leslabadous.fr\/wp-content\/uploads\/2018\/02\/Dicky-Dick3.jpg 829w\" sizes=\"auto, (max-width: 349px) 100vw, 349px\" \/><p id=\"caption-attachment-828\" class=\"wp-caption-text\">Dikkie Dik<\/p><\/div>\n<div id=\"attachment_829\" style=\"width: 318px\" class=\"wp-caption alignnone\"><img loading=\"lazy\" decoding=\"async\" aria-describedby=\"caption-attachment-829\" src=\"http:\/\/www.leslabadous.fr\/wp-content\/uploads\/2018\/02\/Nadia-soleil-sm-300x180.jpg\" alt=\"\" class=\" wp-image-829\" width=\"308\" height=\"185\" srcset=\"https:\/\/www.leslabadous.fr\/wp-content\/uploads\/2018\/02\/Nadia-soleil-sm-300x180.jpg 300w, https:\/\/www.leslabadous.fr\/wp-content\/uploads\/2018\/02\/Nadia-soleil-sm-768x461.jpg 768w, https:\/\/www.leslabadous.fr\/wp-content\/uploads\/2018\/02\/Nadia-soleil-sm-1024x614.jpg 1024w, https:\/\/www.leslabadous.fr\/wp-content\/uploads\/2018\/02\/Nadia-soleil-sm.jpg 1280w\" sizes=\"auto, (max-width: 308px) 100vw, 308px\" \/><p id=\"caption-attachment-829\" class=\"wp-caption-text\">Nadja<\/p><\/div><\/li>\n<\/ul>\n<ul>\n<li><strong><span style=\"color: #555555; font-size: 17px;\">Christine et Martin<\/span><\/strong><br \/>\n<img loading=\"lazy\" decoding=\"async\" src=\"http:\/\/www.leslabadous.fr\/wp-content\/uploads\/2018\/02\/CR@LL-2016-169x300.jpg\" alt=\"\" class=\"size-medium wp-image-832 alignleft\" width=\"169\" height=\"300\" srcset=\"https:\/\/www.leslabadous.fr\/wp-content\/uploads\/2018\/02\/CR@LL-2016-169x300.jpg 169w, https:\/\/www.leslabadous.fr\/wp-content\/uploads\/2018\/02\/CR@LL-2016.jpg 360w\" sizes=\"auto, (max-width: 169px) 100vw, 169px\" \/> <img loading=\"lazy\" decoding=\"async\" src=\"http:\/\/www.leslabadous.fr\/wp-content\/uploads\/2018\/02\/ME-CA-182x300.jpg\" alt=\"\" class=\"size-medium wp-image-834 alignright\" width=\"182\" height=\"300\" srcset=\"https:\/\/www.leslabadous.fr\/wp-content\/uploads\/2018\/02\/ME-CA-182x300.jpg 182w, https:\/\/www.leslabadous.fr\/wp-content\/uploads\/2018\/02\/ME-CA.jpg 388w\" sizes=\"auto, (max-width: 182px) 100vw, 182px\" \/><span style=\"color: #555555; font-size: 17px;\">Les gardiens du Centre. Nous sommes attach\u00e9s aux Labadous et \u00e0 sa longue tradition, que nous y soyons physiquement pr\u00e9sents ou non.<br \/>\n<\/span><span style=\"color: #555555; font-size: 17px;\">L&#8217;\u00e9nergie de cette terre ne cesse de nous inspirer. Profond\u00e9ment reconnaissants \u00e0 notre \u00e9quipe et tous les propri\u00e9taires pr\u00e9c\u00e9dents pour le travail et l&#8217;amour qu&#8217;ils y ont investi, nous sommes particuli\u00e8rement heureux de fournir une base pour les groupes \u2013 et surtout pour <a href=\"https:\/\/www.choose-again.com\" target=\"_blank\" rel=\"noopener\">Choose Again<\/a>.<br \/>\n<\/span><span style=\"color: #555555; font-size: 17px;\">Nous aimons accueillir nos visiteurs. Comme beaucoup d&#8217;entre eux, nous trouvons fascinante l&#8217;histoire du Pays Cathare et les l\u00e9gendes autour de Rennes-le-Ch\u00e2teau.<\/span><\/li>\n<\/ul>\n","protected":false},"excerpt":{"rendered":"<p>Notre petite \u00e9quipe d\u00e9vou\u00e9e est l\u00e0 pour rendre votre s\u00e9jour au Centre Les Labadous agr\u00e9able et inoubliable. Voici qui vous souhaitera la bienvenue : Aafke Elle est la directrice du Centre Les Labadous. Gr\u00e2ce \u00e0 son accueil chaleureux, nos clients se sentent tr\u00e8s vite &#8220;chez eux&#8221;. Aafke est cr\u00e9ative et [&hellip;]<\/p>\n","protected":false},"author":2,"featured_media":247,"parent":0,"menu_order":0,"comment_status":"closed","ping_status":"closed","template":"","meta":{"footnotes":""},"class_list":["post-799","page","type-page","status-publish","has-post-thumbnail","hentry"],"_links":{"self":[{"href":"https:\/\/www.leslabadous.fr\/index.php?rest_route=\/wp\/v2\/pages\/799","targetHints":{"allow":["GET"]}}],"collection":[{"href":"https:\/\/www.leslabadous.fr\/index.php?rest_route=\/wp\/v2\/pages"}],"about":[{"href":"https:\/\/www.leslabadous.fr\/index.php?rest_route=\/wp\/v2\/types\/page"}],"author":[{"embeddable":true,"href":"https:\/\/www.leslabadous.fr\/index.php?rest_route=\/wp\/v2\/users\/2"}],"replies":[{"embeddable":true,"href":"https:\/\/www.leslabadous.fr\/index.php?rest_route=%2Fwp%2Fv2%2Fcomments&post=799"}],"version-history":[{"count":34,"href":"https:\/\/www.leslabadous.fr\/index.php?rest_route=\/wp\/v2\/pages\/799\/revisions"}],"predecessor-version":[{"id":1597,"href":"https:\/\/www.leslabadous.fr\/index.php?rest_route=\/wp\/v2\/pages\/799\/revisions\/1597"}],"wp:featuredmedia":[{"embeddable":true,"href":"https:\/\/www.leslabadous.fr\/index.php?rest_route=\/wp\/v2\/media\/247"}],"wp:attachment":[{"href":"https:\/\/www.leslabadous.fr\/index.php?rest_route=%2Fwp%2Fv2%2Fmedia&parent=799"}],"curies":[{"name":"wp","href":"https:\/\/api.w.org\/{rel}","templated":true}]}}

Notre équipe

<p>Notre petite équipe dévouée est là pour rendre votre séjour au Centre Les Labadous agréable et inoubliable. Voici qui vous souhaitera la bienvenue :</p>
<ul>
<li><strong><span style="color: #555555; font-size: 17px;">Aafke</span><br />
</strong><img loading="lazy" decoding="async" src="https://www.leslabadous.fr/wp-content/uploads/2019/03/Aafke2-2018-235x300.jpeg" alt="" class="size-medium wp-image-1430 alignright" width="235" height="300" srcset="https://www.leslabadous.fr/wp-content/uploads/2019/03/Aafke2-2018-235x300.jpeg 235w, https://www.leslabadous.fr/wp-content/uploads/2019/03/Aafke2-2018.jpeg 480w" sizes="auto, (max-width: 235px) 100vw, 235px" /><br />
<span style="color: #555555; font-size: 17px;">Elle est la directrice du Centre Les Labadous.<br />
</span><span style="color: #555555; font-size: 17px;"><span style="color: #555555; font-size: 17px;">Grâce à son accueil chaleureux, nos clients se sentent très vite &#8220;chez eux&#8221;. Aafke est créative et cordiale, elle adore créer des liens entre les gens.</span></span><span style="color: #555555; font-size: 17px;"><span style="color: #555555; font-size: 17px;"><span style="color: #555555; font-size: 17px;">Elle et son mari Johan ont exploré la région pendant des années. Ce qui les a attirés dans cette région, c&#8217;est sa beauté naturelle et sa paix. Ils seront heureux de partager leur expérience avec vous.</span></span></span></li>
</ul>
<ul>
<li><strong><span style="color: #555555; font-size: 17px;">Marie-Laur</span></strong><strong><span style="color: #555555; font-size: 17px;">e</span><br />
</strong><img loading="lazy" decoding="async" src="http://www.leslabadous.fr/wp-content/uploads/2018/02/MarieLaure-1-237x300.jpg" alt="" class="size-medium wp-image-833 alignright" width="237" height="300" srcset="https://www.leslabadous.fr/wp-content/uploads/2018/02/MarieLaure-1-237x300.jpg 237w, https://www.leslabadous.fr/wp-content/uploads/2018/02/MarieLaure-1-768x972.jpg 768w, https://www.leslabadous.fr/wp-content/uploads/2018/02/MarieLaure-1-809x1024.jpg 809w, https://www.leslabadous.fr/wp-content/uploads/2018/02/MarieLaure-1.jpg 1152w" sizes="auto, (max-width: 237px) 100vw, 237px" /><span style="color: #555555; font-size: 17px;">Active et très efficace dans les coulisses, elle est notre fée souriante. Elle prépare le petit-déjeuner et le repas de midi, elle garde les chambres bien rangées et propres.<br />
</span><span style="color: #555555; font-size: 17px;"><span style="color: #555555; font-size: 17px;"><span style="color: #555555; font-size: 17px;">Elle et son mari sont des randonneurs avides, bien expérimentés et compétents. Elle vous conseille volontiers.</span></span></span></li>
<li><span style="color: #555555; font-size: 17px;"><span style="color: #555555; font-size: 17px;"><span style="color: #555555; font-size: 17px;"><strong>Axel<br />
</strong></span></span></span><span style="color: #555555; font-size: 17px;"><span style="color: #555555; font-size: 17px;"><span style="color: #555555; font-size: 17px;"><strong><img loading="lazy" decoding="async" src="http://www.leslabadous.fr/wp-content/uploads/2018/02/Axel-old1-204x300.jpg" alt="" class="size-medium wp-image-827 alignright" width="204" height="300" srcset="https://www.leslabadous.fr/wp-content/uploads/2018/02/Axel-old1-204x300.jpg 204w, https://www.leslabadous.fr/wp-content/uploads/2018/02/Axel-old1-697x1024.jpg 697w, https://www.leslabadous.fr/wp-content/uploads/2018/02/Axel-old1.jpg 758w" sizes="auto, (max-width: 204px) 100vw, 204px" /></strong> <span>Notre (ange) gardien, il est attentif au bien-être de tous.<br />
</span></span></span></span><b></b><span style="color: #555555; font-size: 17px;"><span style="color: #555555; font-size: 17px;"><span style="color: #555555; font-size: 17px;">Particulièrement proches de son coeur sont nos animaux :</span></span></span>&nbsp;</p>
<div id="attachment_828" style="width: 359px" class="wp-caption alignright"><img loading="lazy" decoding="async" aria-describedby="caption-attachment-828" src="http://www.leslabadous.fr/wp-content/uploads/2018/02/Dicky-Dick3-300x159.jpg" alt="" class=" wp-image-828" width="349" height="185" srcset="https://www.leslabadous.fr/wp-content/uploads/2018/02/Dicky-Dick3-300x159.jpg 300w, https://www.leslabadous.fr/wp-content/uploads/2018/02/Dicky-Dick3-768x407.jpg 768w, https://www.leslabadous.fr/wp-content/uploads/2018/02/Dicky-Dick3.jpg 829w" sizes="auto, (max-width: 349px) 100vw, 349px" /><p id="caption-attachment-828" class="wp-caption-text">Dikkie Dik</p></div>
<div id="attachment_829" style="width: 318px" class="wp-caption alignnone"><img loading="lazy" decoding="async" aria-describedby="caption-attachment-829" src="http://www.leslabadous.fr/wp-content/uploads/2018/02/Nadia-soleil-sm-300x180.jpg" alt="" class=" wp-image-829" width="308" height="185" srcset="https://www.leslabadous.fr/wp-content/uploads/2018/02/Nadia-soleil-sm-300x180.jpg 300w, https://www.leslabadous.fr/wp-content/uploads/2018/02/Nadia-soleil-sm-768x461.jpg 768w, https://www.leslabadous.fr/wp-content/uploads/2018/02/Nadia-soleil-sm-1024x614.jpg 1024w, https://www.leslabadous.fr/wp-content/uploads/2018/02/Nadia-soleil-sm.jpg 1280w" sizes="auto, (max-width: 308px) 100vw, 308px" /><p id="caption-attachment-829" class="wp-caption-text">Nadja</p></div></li>
</ul>
<ul>
<li><strong><span style="color: #555555; font-size: 17px;">Christine et Martin</span></strong><br />
<img loading="lazy" decoding="async" src="http://www.leslabadous.fr/wp-content/uploads/2018/02/CR@LL-2016-169x300.jpg" alt="" class="size-medium wp-image-832 alignleft" width="169" height="300" srcset="https://www.leslabadous.fr/wp-content/uploads/2018/02/CR@LL-2016-169x300.jpg 169w, https://www.leslabadous.fr/wp-content/uploads/2018/02/CR@LL-2016.jpg 360w" sizes="auto, (max-width: 169px) 100vw, 169px" /> <img loading="lazy" decoding="async" src="http://www.leslabadous.fr/wp-content/uploads/2018/02/ME-CA-182x300.jpg" alt="" class="size-medium wp-image-834 alignright" width="182" height="300" srcset="https://www.leslabadous.fr/wp-content/uploads/2018/02/ME-CA-182x300.jpg 182w, https://www.leslabadous.fr/wp-content/uploads/2018/02/ME-CA.jpg 388w" sizes="auto, (max-width: 182px) 100vw, 182px" /><span style="color: #555555; font-size: 17px;">Les gardiens du Centre. Nous sommes attachés aux Labadous et à sa longue tradition, que nous y soyons physiquement présents ou non.<br />
</span><span style="color: #555555; font-size: 17px;">L&#8217;énergie de cette terre ne cesse de nous inspirer. Profondément reconnaissants à notre équipe et tous les propriétaires précédents pour le travail et l&#8217;amour qu&#8217;ils y ont investi, nous sommes particulièrement heureux de fournir une base pour les groupes – et surtout pour <a href="https://www.choose-again.com" target="_blank" rel="noopener">Choose Again</a>.<br />
</span><span style="color: #555555; font-size: 17px;">Nous aimons accueillir nos visiteurs. Comme beaucoup d&#8217;entre eux, nous trouvons fascinante l&#8217;histoire du Pays Cathare et les légendes autour de Rennes-le-Château.</span></li>
</ul>

<p>Notre petite équipe dévouée est là pour rendre votre séjour au Centre Les Labadous agréable et inoubliable. Voici qui vous souhaitera la bienvenue : Aafke Elle est la directrice du Centre Les Labadous. Grâce à son accueil chaleureux, nos clients se sentent très vite &#8220;chez eux&#8221;. Aafke est créative et [&hellip;]</p>
