{"id":70,"date":"2017-12-13T08:26:19","date_gmt":"2017-12-13T07:26:19","guid":{"rendered":"http:\/\/www.leslabadous.fr\/?p=70"},"modified":"2018-03-29T06:25:54","modified_gmt":"2018-03-29T05:25:54","slug":"rennes-le-chateau","status":"publish","type":"page","link":"https:\/\/www.leslabadous.fr\/?page_id=70","title":{"rendered":"Rennes-le-Ch\u00e2teau"},"content":{"rendered":"<div id=\"attachment_190\" style=\"width: 179px\" class=\"wp-caption alignleft\"><img loading=\"lazy\" decoding=\"async\" aria-describedby=\"caption-attachment-190\" src=\"http:\/\/www.leslabadous.fr\/wp-content\/uploads\/2017\/12\/TourMagdala-sm-169x300.jpg\" alt=\"\" width=\"169\" height=\"300\" class=\"wp-image-190 size-medium\" srcset=\"https:\/\/www.leslabadous.fr\/wp-content\/uploads\/2017\/12\/TourMagdala-sm-169x300.jpg 169w, https:\/\/www.leslabadous.fr\/wp-content\/uploads\/2017\/12\/TourMagdala-sm-576x1024.jpg 576w, https:\/\/www.leslabadous.fr\/wp-content\/uploads\/2017\/12\/TourMagdala-sm.jpg 720w\" sizes=\"auto, (max-width: 169px) 100vw, 169px\" \/><p id=\"caption-attachment-190\" class=\"wp-caption-text\">Tour Magdala<\/p><\/div>\n<p><span><em><span style=\"color: #0000ff;\">Rennes-le-Ch\u00e2teau<\/span><\/em> is associated by many with B\u00e9renger Sauni\u00e8re, the priest whose fabulous wealth left an indelible imprint on his village. However, beyond this, the quiet village has a long history that goes back to Roman times at least.<\/span><\/p>\n<p><span><img loading=\"lazy\" decoding=\"async\" src=\"http:\/\/www.leslabadous.fr\/wp-content\/uploads\/2018\/01\/Maria-Magdalena-P1060858-str2-115x300.jpg\" alt=\"\" width=\"115\" height=\"300\" class=\"size-medium wp-image-585 alignright\" srcset=\"https:\/\/www.leslabadous.fr\/wp-content\/uploads\/2018\/01\/Maria-Magdalena-P1060858-str2-115x300.jpg 115w, https:\/\/www.leslabadous.fr\/wp-content\/uploads\/2018\/01\/Maria-Magdalena-P1060858-str2-768x1999.jpg 768w, https:\/\/www.leslabadous.fr\/wp-content\/uploads\/2018\/01\/Maria-Magdalena-P1060858-str2-393x1024.jpg 393w, https:\/\/www.leslabadous.fr\/wp-content\/uploads\/2018\/01\/Maria-Magdalena-P1060858-str2.jpg 1005w\" sizes=\"auto, (max-width: 115px) 100vw, 115px\" \/> Today, there is much to be seen: <\/span><\/p>\n<ul>\n<li><span>the Castle (foundations from 1002, present buildings are 17\/18th century )<\/span><\/li>\n<li><span>the church dedicated to Mary Magdalene, with a statue of the devil (called Asmodeus by some)<\/span><\/li>\n<li><span>the Tour Magdala, the Museum with Villa Bethania and a beautiful garden.<\/span><\/li>\n<\/ul>\n<p><img loading=\"lazy\" decoding=\"async\" src=\"http:\/\/www.leslabadous.fr\/wp-content\/uploads\/2018\/01\/Devil-Asmodeus-P1060854-sm-169x300.jpg\" alt=\"\" width=\"169\" height=\"300\" class=\"size-medium wp-image-584 alignleft\" srcset=\"https:\/\/www.leslabadous.fr\/wp-content\/uploads\/2018\/01\/Devil-Asmodeus-P1060854-sm-169x300.jpg 169w, https:\/\/www.leslabadous.fr\/wp-content\/uploads\/2018\/01\/Devil-Asmodeus-P1060854-sm-576x1024.jpg 576w, https:\/\/www.leslabadous.fr\/wp-content\/uploads\/2018\/01\/Devil-Asmodeus-P1060854-sm.jpg 720w\" sizes=\"auto, (max-width: 169px) 100vw, 169px\" \/><span><em><span style=\"color: #0000ff;\">Rennes-le-Ch\u00e2teau<\/span><\/em> is perched on a mountain-top. It offers magnificent views in all directions: over the Aude valley into the Corbi\u00e8re, across to the high Pyrenees\u00a0and the Bugarach. Sunsets can be awesome!<\/span><\/p>\n<p><img loading=\"lazy\" decoding=\"async\" src=\"http:\/\/www.leslabadous.fr\/wp-content\/uploads\/2018\/01\/RLC-jardin-sunset-P1030441-sm-169x300.jpg\" alt=\"\" width=\"211\" height=\"375\" class=\"wp-image-595 aligncenter\" srcset=\"https:\/\/www.leslabadous.fr\/wp-content\/uploads\/2018\/01\/RLC-jardin-sunset-P1030441-sm-169x300.jpg 169w, https:\/\/www.leslabadous.fr\/wp-content\/uploads\/2018\/01\/RLC-jardin-sunset-P1030441-sm-576x1024.jpg 576w, https:\/\/www.leslabadous.fr\/wp-content\/uploads\/2018\/01\/RLC-jardin-sunset-P1030441-sm.jpg 720w\" sizes=\"auto, (max-width: 211px) 100vw, 211px\" \/><\/p>\n<p style=\"text-align: center;\"><span>As you look south, you will find <span style=\"color: #0000ff;\"><em>Les Labadous<\/em><\/span>, nestled below the village and protected by giant trees.<\/span><\/p>\n<div id=\"attachment_1190\" style=\"width: 235px\" class=\"wp-caption aligncenter\"><img loading=\"lazy\" decoding=\"async\" aria-describedby=\"caption-attachment-1190\" src=\"http:\/\/www.leslabadous.fr\/wp-content\/uploads\/2018\/03\/LL-fromroad-NE2SW-P1030334-sm-225x300.jpg\" alt=\"\" width=\"225\" height=\"300\" class=\"size-medium wp-image-1190\" srcset=\"https:\/\/www.leslabadous.fr\/wp-content\/uploads\/2018\/03\/LL-fromroad-NE2SW-P1030334-sm-225x300.jpg 225w, https:\/\/www.leslabadous.fr\/wp-content\/uploads\/2018\/03\/LL-fromroad-NE2SW-P1030334-sm-768x1024.jpg 768w, https:\/\/www.leslabadous.fr\/wp-content\/uploads\/2018\/03\/LL-fromroad-NE2SW-P1030334-sm.jpg 960w\" sizes=\"auto, (max-width: 225px) 100vw, 225px\" \/><p id=\"caption-attachment-1190\" class=\"wp-caption-text\">Les Labadous<\/p><\/div>\n<div id=\"attachment_1191\" style=\"width: 310px\" class=\"wp-caption aligncenter\"><img loading=\"lazy\" decoding=\"async\" aria-describedby=\"caption-attachment-1191\" src=\"http:\/\/www.leslabadous.fr\/wp-content\/uploads\/2018\/03\/Aerial-LL2SE-DJI_0062-sm-300x300.jpg\" alt=\"\" width=\"300\" height=\"300\" class=\"wp-image-1191 size-medium\" srcset=\"https:\/\/www.leslabadous.fr\/wp-content\/uploads\/2018\/03\/Aerial-LL2SE-DJI_0062-sm-300x300.jpg 300w, https:\/\/www.leslabadous.fr\/wp-content\/uploads\/2018\/03\/Aerial-LL2SE-DJI_0062-sm-150x150.jpg 150w, https:\/\/www.leslabadous.fr\/wp-content\/uploads\/2018\/03\/Aerial-LL2SE-DJI_0062-sm-768x768.jpg 768w, https:\/\/www.leslabadous.fr\/wp-content\/uploads\/2018\/03\/Aerial-LL2SE-DJI_0062-sm-1024x1024.jpg 1024w, https:\/\/www.leslabadous.fr\/wp-content\/uploads\/2018\/03\/Aerial-LL2SE-DJI_0062-sm.jpg 1280w\" sizes=\"auto, (max-width: 300px) 100vw, 300px\" \/><p id=\"caption-attachment-1191\" class=\"wp-caption-text\">Centre Les Labadous<\/p><\/div>\n<p>&nbsp;<\/p>\n","protected":false},"excerpt":{"rendered":"<p>Rennes-le-Ch\u00e2teau is associated by many with B\u00e9renger Sauni\u00e8re, the priest whose fabulous wealth left an indelible imprint on his village. However, beyond this, the quiet village has a long history that goes back to Roman times at least. Today, there is much to be seen: the Castle (foundations from 1002, [&hellip;]<\/p>\n","protected":false},"author":2,"featured_media":592,"parent":0,"menu_order":0,"comment_status":"closed","ping_status":"closed","template":"","meta":{"footnotes":""},"class_list":["post-70","page","type-page","status-publish","has-post-thumbnail","hentry"],"_links":{"self":[{"href":"https:\/\/www.leslabadous.fr\/index.php?rest_route=\/wp\/v2\/pages\/70","targetHints":{"allow":["GET"]}}],"collection":[{"href":"https:\/\/www.leslabadous.fr\/index.php?rest_route=\/wp\/v2\/pages"}],"about":[{"href":"https:\/\/www.leslabadous.fr\/index.php?rest_route=\/wp\/v2\/types\/page"}],"author":[{"embeddable":true,"href":"https:\/\/www.leslabadous.fr\/index.php?rest_route=\/wp\/v2\/users\/2"}],"replies":[{"embeddable":true,"href":"https:\/\/www.leslabadous.fr\/index.php?rest_route=%2Fwp%2Fv2%2Fcomments&post=70"}],"version-history":[{"count":21,"href":"https:\/\/www.leslabadous.fr\/index.php?rest_route=\/wp\/v2\/pages\/70\/revisions"}],"predecessor-version":[{"id":1312,"href":"https:\/\/www.leslabadous.fr\/index.php?rest_route=\/wp\/v2\/pages\/70\/revisions\/1312"}],"wp:featuredmedia":[{"embeddable":true,"href":"https:\/\/www.leslabadous.fr\/index.php?rest_route=\/wp\/v2\/media\/592"}],"wp:attachment":[{"href":"https:\/\/www.leslabadous.fr\/index.php?rest_route=%2Fwp%2Fv2%2Fmedia&parent=70"}],"curies":[{"name":"wp","href":"https:\/\/api.w.org\/{rel}","templated":true}]}}